mmon divisor of 1221 and 310048530?
1221
What is the highest common factor of 27026366 and 472?
118
What is the greatest common divisor of 1339219 and 3077?
181
Calculate the greatest common factor of 930 and 73945602.
186
What is the greatest common factor of 3388 and 5865692?
28
What is the greatest common factor of 33776829 and 27?
9
What is the greatest common factor of 4399852 and 19808?
2476
Calculate the highest common factor of 92169805 and 13.
13
What is the greatest common factor of 57252602 and 985864?
14498
What is the greatest common divisor of 146625 and 234375?
375
Calculate the highest common factor of 23919038 and 42471.
1573
Calculate the greatest common divisor of 529 and 46162679.
23
What is the greatest common divisor of 10060275 and 15?
15
What is the highest common divisor of 98 and 41564642?
98
What is the greatest common factor of 75905477 and 3747?
1249
Calculate the highest common factor of 14976 and 25517232.
1872
Calculate the highest common factor of 170601221 and 707.
707
What is the highest common factor of 576650 and 14088470?
6070
Calculate the highest common factor of 342 and 40843746.
18
Calculate the highest common factor of 630 and 695190.
30
What is the highest common divisor of 6313950 and 441?
9
Calculate the highest common divisor of 5245829 and 978.
163
Calculate the highest common factor of 170527 and 4545205.
119
What is the highest common divisor of 32136 and 703284?
1236
What is the highest common factor of 35946 and 83610?
18
Calculate the greatest common divisor of 760 and 36286520.
40
What is the highest common factor of 65480 and 670880?
40
What is the greatest common divisor of 414 and 37917144?
18
Calculate the highest common factor of 2074382 and 1422.
158
Calculate the greatest common factor of 5869359 and 45.
9
Calculate the greatest common divisor of 189208 and 8576.
536
Calculate the greatest common divisor of 355161 and 1.
1
Calculate the greatest common divisor of 79302 and 34458.
6
What is the highest common divisor of 8 and 1181288?
8
What is the highest common divisor of 97745115 and 30?
15
Calculate the highest common divisor of 15663492 and 46800.
468
Calculate the greatest common divisor of 11620906 and 22.
22
What is the greatest common divisor of 1344 and 210378?
42
Calculate the greatest common divisor of 164029824 and 84.
84
What is the greatest common factor of 11416244 and 6?
2
What is the greatest common factor of 8239 and 130112?
107
What is the greatest common factor of 5700681 and 12327?
21
What is the greatest common factor of 1369 and 1291633?
37
Calculate the highest common divisor of 22322652 and 462.
66
Calculate the greatest common factor of 16840467 and 1176.
147
What is the highest common divisor of 20826 and 179920?
26
What is the greatest common divisor of 9676 and 214052?
236
Calculate the greatest common divisor of 49730122 and 160537.
3029
What is the highest common divisor of 95942 and 12?
2
Calculate the greatest common divisor of 56248598 and 14.
14
Calculate the highest common divisor of 267 and 118786431.
267
What is the greatest common divisor of 7912008 and 2916?
36
What is the highest common factor of 165 and 6387260?
55
What is the greatest common divisor of 57182557 and 3921?
1307
Calculate the greatest common divisor of 9344 and 24104.
8
Calculate the greatest common factor of 308087810 and 45890.
3530
What is the highest common divisor of 333 and 1949607?
9
What is the highest common factor of 8240 and 4158728?
824
Calculate the highest common factor of 18403 and 26026.
77
Calculate the greatest common divisor of 2904 and 279928.
88
Calculate the highest common factor of 25216 and 238370.
394
What is the highest common divisor of 462224 and 10976?
112
Calculate the highest common divisor of 12050 and 1600.
50
Calculate the greatest common divisor of 19271406 and 55.
11
What is the greatest common divisor of 567 and 1308393?
81
Calculate the greatest common divisor of 5692656 and 11883.
699
What is the highest common factor of 163704 and 1235?
19
What is the greatest common divisor of 68151786 and 5362?
766
Calculate the highest common factor of 8131 and 52076.
47
Calculate the highest common divisor of 1504 and 8625158.
94
What is the greatest common factor of 51935 and 262717?
13
What is the greatest common factor of 59836457 and 497?
71
Calculate the greatest common factor of 561 and 59826349.
187
Calculate the greatest common factor of 3307984 and 6.
2
Calculate the highest common factor of 178 and 131318966.
178
What is the highest common divisor of 3617776 and 30448?
2768
Calculate the highest common factor of 1008 and 7232960.
112
Calculate the greatest common divisor of 6151873 and 819.
91
Calculate the greatest common divisor of 28 and 374889858.
14
What is the greatest common divisor of 47747338 and 3704?
926
Calculate the greatest common factor of 2059 and 100427.
29
Calculate the highest common divisor of 6304858 and 204.
34
Calculate the greatest common divisor of 41571296 and 20.
4
What is the greatest common divisor of 960501 and 3429?
381
Calculate the highest common divisor of 342 and 578641086.
342
What is the highest common divisor of 5904 and 16414760?
328
Calculate the highest common divisor of 38839476 and 351.
39
Calculate the highest common divisor of 4823427 and 1743.
21
What is the greatest common factor of 3406212 and 117?
9
What is the highest common factor of 116270225 and 170?
85
Calculate the greatest common factor of 40501229 and 23.
23
What is the highest common factor of 1748 and 10018?
2
What is the highest common factor of 329359 and 89183?
883
What is the highest common divisor of 5376 and 5838084?
84
Calculate the highest common factor of 1860994 and 4244.
2122
Calculate the greatest common divisor of 728 and 25099802.
182
Calculate the highest common factor of 6057830 and 2726.
94
Calculate the greatest common factor of 29091261 and 2679.
2679
Calculate the greatest common divisor of 18942 and 6164760.
1722
What is the greatest common factor of 18772 and 167124?
76
What is the highest common factor of 460 and 76398180?
460
What is the greatest common divisor of 2108145 and 48659?
247
Calculate the highest common divisor of 48246836 and 49764.
1276
Calculate the greatest common divisor of 294190380 and 450.
90
What is the highest common divisor of 1248 and 107016?
312
What is the greatest common factor of 45157 and 30646?
7
Calculate the greatest common factor of 360 and 13423640.
40
What is the greatest common divisor of 51392588 and 52?
52
Calculate the highest common factor of 25486229 and 6364.
1591
What is the greatest common factor of 794886 and 42?
6
What is the highest common factor of 33373016 and 8?
8
Calculate the greatest common factor of 78128 and 55769.
257
What is the greatest common factor of 82 and 24067?
41
What is the greatest common factor of 117 and 234589095?
117
What is the highest common factor of 353678 and 5490?
122
What is the greatest common factor of 196965871 and 778?
389
Calculate the highest common divisor of 74 and 15840995.
37
Calculate the greatest common divisor of 20314268 and 8816.
2204
Calculate the greatest common divisor of 47858118 and 5467.
5467
What is the highest common factor of 468 and 720135?
117
What is the highest common factor of 1030072 and 10592?
2648
What is the greatest common divisor of 2 and 183432284?
2
Calculate the highest common factor of 331075 and 261307.
323
Calculate the greatest common divisor of 2311714764 and 558.
558
What is the greatest common factor of 239538 and 19256?
166
What is the highest common factor of 19126 and 119734?
262
Calculate the highest common factor of 256 and 47383488.
64
Calculate the highest common divisor of 1554423166 and 1522.
1522
What is the greatest common factor of 372 and 203341772?
124
What is the greatest common factor of 216 and 6349592?
8
What is the greatest common factor of 666971004 and 336?
84
Calculate the greatest common divisor of 2322 and 1644234.
258
Calculate the greatest common divisor of 732 and 7994111.
61
What is the highest common divisor of 211821508 and 7984?
1996
Calculate the greatest common factor of 896983 and 4.
1
Calculate the greatest common factor of 980826 and 336.
42
Calcula